{"id":332,"date":"2025-10-09T12:44:33","date_gmt":"2025-10-09T10:44:33","guid":{"rendered":"https:\/\/linamorganfreeman.com\/?page_id=332"},"modified":"2025-10-09T12:44:33","modified_gmt":"2025-10-09T10:44:33","slug":"politica-de-cookies","status":"publish","type":"page","link":"https:\/\/linamorganfreeman.com\/index.php\/politica-de-cookies\/","title":{"rendered":"Pol\u00edtica de cookies"},"content":{"rendered":"\n<p>En\u00a0Lina Morgan Freeman valoramos tu privacidad. Esta pol\u00edtica describe c\u00f3mo recopilamos, usamos y protegemos tu informaci\u00f3n cuando visitas nuestro sitio web linamorganfreeman.com<\/p>\n\n\n\n<p><strong>1. Informaci\u00f3n que recopilamos<\/strong><\/p>\n\n\n\n<p>No recopilamos informaci\u00f3n personal de nuestros usuarios a menos que nos la proporcionen voluntariamente a trav\u00e9s de formularios de contacto o suscripciones a boletines. La informaci\u00f3n que podemos recopilar incluye:<\/p>\n\n\n\n<ul class=\"wp-block-list\">\n<li>Nombre<\/li>\n\n\n\n<li>Apellidos<\/li>\n\n\n\n<li>Correo electr\u00f3nico<\/li>\n\n\n\n<li>Numero de Tel\u00e9fono<\/li>\n\n\n\n<li>Mensaje o consulta<\/li>\n<\/ul>\n\n\n\n<p><strong><br>2. Uso de la informaci\u00f3n<\/strong><\/p>\n\n\n\n<p>La informaci\u00f3n que recopilamos se utiliza \u00fanicamente para:<\/p>\n\n\n\n<ul class=\"wp-block-list\">\n<li>Responder a tus consultas.<\/li>\n\n\n\n<li>Mejorar nuestro sitio web y servicios.<\/li>\n\n\n\n<li>Enviar actualizaciones o informaci\u00f3n relevante si has optado por recibir boletines.<\/li>\n<\/ul>\n\n\n\n<p><strong><br>3. Protecci\u00f3n de la informaci\u00f3n<\/strong><\/p>\n\n\n\n<p>Implementamos medidas de seguridad adecuadas para proteger tu informaci\u00f3n personal. Sin embargo, recuerda que ning\u00fan m\u00e9todo de transmisi\u00f3n por Internet o almacenamiento electr\u00f3nico es 100% seguro.<\/p>\n\n\n\n<p><strong>4. Cookies<\/strong><\/p>\n\n\n\n<p>Nuestro sitio web puede utilizar cookies para mejorar la experiencia del usuario. Las cookies son peque\u00f1os archivos que se almacenan en tu dispositivo. Puedes desactivar las cookies a trav\u00e9s de la configuraci\u00f3n de tu navegador.<\/p>\n\n\n\n<p><strong>5. Enlaces a terceros<\/strong><\/p>\n\n\n\n<p>Nuestro sitio web puede contener enlaces a otros sitios. No somos responsables de las pr\u00e1cticas de privacidad de esos sitios, as\u00ed que te recomendamos leer sus pol\u00edticas de privacidad.<\/p>\n\n\n\n<p><strong>6. Cambios a esta pol\u00edtica<\/strong><\/p>\n\n\n\n<p>Podemos actualizar esta pol\u00edtica de privacidad en cualquier momento. Te notificaremos sobre cambios importantes publicando la nueva pol\u00edtica en nuestro sitio web.<\/p>\n\n\n\n<p><strong>7. Contacto<\/strong><\/p>\n\n\n\n<p>Si tienes preguntas sobre esta pol\u00edtica, puedes contactarnos en:<\/p>\n\n\n\n<ul class=\"wp-block-list\">\n<li>Email:\u00a0<a href=\"mailto:prozaksoup@gmail.com\">hola@linamorganfreeman.com<\/a><\/li>\n<\/ul>\n\n\n\n<p><\/p>\n","protected":false},"excerpt":{"rendered":"<p>En\u00a0Lina Morgan Freeman valoramos tu privacidad. Esta pol\u00edtica describe c\u00f3mo recopilamos, usamos y protegemos tu informaci\u00f3n cuando visitas nuestro sitio web linamorganfreeman.com 1. Informaci\u00f3n que recopilamos No recopilamos informaci\u00f3n personal de nuestros usuarios a menos que nos la proporcionen voluntariamente a trav\u00e9s de formularios de contacto o suscripciones a boletines. La informaci\u00f3n que podemos recopilar [&hellip;]<\/p>\n","protected":false},"author":1,"featured_media":0,"parent":0,"menu_order":0,"comment_status":"closed","ping_status":"closed","template":"","meta":{"footnotes":""},"class_list":["post-332","page","type-page","status-publish","hentry"],"_links":{"self":[{"href":"https:\/\/linamorganfreeman.com\/index.php\/wp-json\/wp\/v2\/pages\/332","targetHints":{"allow":["GET"]}}],"collection":[{"href":"https:\/\/linamorganfreeman.com\/index.php\/wp-json\/wp\/v2\/pages"}],"about":[{"href":"https:\/\/linamorganfreeman.com\/index.php\/wp-json\/wp\/v2\/types\/page"}],"author":[{"embeddable":true,"href":"https:\/\/linamorganfreeman.com\/index.php\/wp-json\/wp\/v2\/users\/1"}],"replies":[{"embeddable":true,"href":"https:\/\/linamorganfreeman.com\/index.php\/wp-json\/wp\/v2\/comments?post=332"}],"version-history":[{"count":1,"href":"https:\/\/linamorganfreeman.com\/index.php\/wp-json\/wp\/v2\/pages\/332\/revisions"}],"predecessor-version":[{"id":333,"href":"https:\/\/linamorganfreeman.com\/index.php\/wp-json\/wp\/v2\/pages\/332\/revisions\/333"}],"wp:attachment":[{"href":"https:\/\/linamorganfreeman.com\/index.php\/wp-json\/wp\/v2\/media?parent=332"}],"curies":[{"name":"wp","href":"https:\/\/api.w.org\/{rel}","templated":true}]}}